-3. Let a be 71/(-2) - i/(-8). Let k = 50 + a. List the prime factors of k.
3, 5
Let d = 50 - 47. List the prime factors of 2 + -2 + d + 53.
2, 7
Suppose 5*m + 105 = 5*h, -4*h + 5*m + 98 = 10. Let j = h + -13. Suppose 85 = j*b - 67. What are the prime factors of b?
2, 19
Let g(s) = s**2 + 4*s - 7. Let k be g(-6). Suppose 28 = k*h - 147. Let t = h - 20. List the prime factors of t.
3, 5
Suppose -w = -5*x - 48, -2*w + 3 + 28 = 3*x. What are the prime factors of w?
23
Suppose -17 = -4*h + 3. Let x = -3 + h. Suppose 2*u - 42 = -2*c, x = -2*c - 2. What are the prime factors of u?
23
Let h be 456 - (9/(-3))/1. Suppose d + h = 4*d. Let r = d - 87. List the prime factors of r.
2, 3, 11
Let k(s) = -s**3 + 3*s**2 + 2*s - 3. Let f be k(4). Let j(i) = -5 - 4 - 13*i + i**2 - 2*i**2 + 0. What are the prime factors of j(f)?
13
Suppose -5*q = 27*q - 38368. List the prime factors of q.
11, 109
Suppose -12 = -6*r + 2*r. Suppose 4*o + 12 = -5*w + 55, 0 = -r*w - o + 23. Let p(v) = -v**3 + 7*v**2 + 5*v - 3. What are the prime factors of p(w)?
2
Suppose 4*k - 3662 = -46. What are the prime factors of k?
2, 113
Let p = 176 + 42. List the prime factors of p.
2, 109
Suppose -2819 = -21*z + 2725. List the prime factors of z.
2, 3, 11
Let f = 0 + -7. Let d(m) = -27*m - 17. What are the prime factors of d(f)?
2, 43
Let d = 297 - -2619. What are the prime factors of d?
2, 3
Let c(u) = u**2 - 3*u. Let l be c(4). Let x be ((-78)/(-15))/(l/10). Suppose 0 = 8*w - x*w + 25. List the prime factors of w.
5
Suppose -269 = t - 2*t + 4*y, -5*t - 3*y + 1437 = 0. Suppose -t = u - 6*u. Let k = u - 25. What are the prime factors of k?
2
Let p(w) = -6*w + 15. Let d be (1/3)/(2/(-18)). List the prime factors of p(d).
3, 11
Let m(j) = -3*j**3 - 15*j**2 - 20*j - 74. What are the prime factors of m(-11)?
2, 7, 83
Let k = 0 - 33. List the prime factors of k/(-77) - (-834)/14.
2, 3, 5
Suppose -9 - 15 = -4*o. Let u(j) = 23*j - 5. What are the prime factors of u(o)?
7, 19
Suppose 2*w + 2 = -d, -5*w - 4*d = -1 - 0. List the prime factors of 0 + (86 - w*(-1 + 2)).
89
Let r be (-12)/(-42) - (-1297)/(-7). Let l = -118 - r. What are the prime factors of l?
67
Let m be (11 - 0)*-1 - 3. Let k be 55/3 + m/(-21). Let o = k - -7. What are the prime factors of o?
2, 13
Let r be (1 + (-8)/(-4))/(-1). Let g be 3/2*(-8)/r. Suppose -2*m = -g*w - w - 16, 10 = -5*w. List the prime factors of m.
3
Suppose 3*g - 42 = 6*g. Let j be 2 + 0 + g/7. Suppose j = -3*d + 43 + 17. What are the prime factors of d?
2, 5
Suppose -4*s - 1 - 3 = 0. Suppose 4*d + 188 = 5*m, -2*m + 4*d + 7 = -61. What are the prime factors of (-1)/(s + m/41)?
41
Let t be ((-3)/2)/((-9)/24). Suppose -39 = 2*g - 2*m - 105, -3*g = t*m - 85. List the prime factors of g.
31
Let x be 202/22 - -2*(-1)/11. Suppose 4*j - x*j = -295. List the prime factors of j.
59
Suppose -10*z + 5*z = -40. Let l be (-400)/24 + z/(-6). What are the prime factors of 45/1*(-24)/l?
2, 3, 5
Suppose -146*f + 148*f - 2010 = -4*h, 5*f + 1975 = 4*h. What are the prime factors of h?
2, 5
Let v(a) = 4*a**2 + 78*a + 84. List the prime factors of v(-37).
2, 7, 191
Let v(b) = b**2 - 8*b + 9. Let i = -24 - -31. Let h be v(i). Suppose x - 3*r = -h*x + 108, -x + 5*r + 24 = 0. What are the prime factors of x?
3, 13
Suppose -594 + 3984 = 6*p. What are the prime factors of p?
5, 113
What are the prime factors of (84/35)/((-4)/(-710))?
2, 3, 71
Let o = -138 + 114. Let j = o - -132. List the prime factors of j.
2, 3
Suppose 5*g + 1798 = 3*n, g - 190 + 547 = -2*n. Let a = g - -530. List the prime factors of a.
3, 19
Let n(i) = i**3 - 48*i**2 + 117*i + 6. List the prime factors of n(48).
2, 3, 937
Let h(u) = u**3 - 3*u**2 - 3*u + 603. List the prime factors of h(0).
3, 67
Let u = 5 + -1. Suppose -265 = -4*a - 5*f - 0*f, u*a - 4*f = 220. List the prime factors of a.
2, 3, 5
Let a(p) = -p**2 + 5*p + 4. Let b be a(3). Suppose -b - 4 = -o. Suppose -2 = 2*l - o. List the prime factors of l.
2, 3
Suppose 2*h - 2*c + 14 = 0, -5*h = -2*c + 25 + 4. List the prime factors of ((-2)/h)/(1/85).
2, 17
Let n(g) = -6*g - 25. Let w be n(-8). Suppose -3*o + 58 = -w. What are the prime factors of o?
3
Let i = 4 - -4. Suppose -3*a + i = a. What are the prime factors of (3 - 5)/a + 14?
13
Let s(y) = y - 4. Let h be s(9). Suppose 8*f - 3*f = -2*k - 51, -h*k + f = 60. What are the prime factors of -1 - -3 - (k + -2)?
17
Let k = -42 + 60. Let z(w) = -w**3 - 2*w - 9 - 7*w**2 + k + 0*w. List the prime factors of z(-7).
23
Suppose 5*u - 72 = 88. Suppose 2*l + 0*l = -u. List the prime factors of (l/6)/1*-12.
2
Let r(i) = i**3 + 26*i**2 + 51*i - 40. What are the prime factors of r(-19)?
2, 3, 11, 23
Let c(m) be the first derivative of -7*m**2/2 + m - 23. List the prime factors of c(-10).
71
Let h(j) = 43*j - 4 + 3*j**2 - 2*j**2 - 36*j + 14. What are the prime factors of h(-9)?
2, 7
Suppose 5*u - 5157 = 6*t - 2*t, -2*u + 2046 = 4*t. What are the prime factors of u?
3, 7
Let k be 671 - -9 - -2*(1 + 0). Suppose 3*w = -118 + k. List the prime factors of w.
2, 47
Suppose 4*l - 3*g - 25 = 0, -3*l + 7 = l + 3*g. Suppose -6*b = -4*b + c - 218, -327 = -3*b - l*c. List the prime factors of b.
109
Let d = -199 + 316. Suppose -3*o + d = -33. List the prime factors of o.
2, 5
Suppose 1 = 2*a - 3*l, 2*a - 2*l = 2*l - 2. Suppose -2*m - 520 = -a*c, 4*m + 69 = 2*c - 139. List the prime factors of c.
2, 13
Let f(j) = -j**2 + 10*j + 1. Let m be f(9). Let i = 13 - m. Suppose -2*b = -3*d + 8, -d + 0*b - 2 = -i*b. What are the prime factors of d?
2
Suppose -4*y = 3*i - 10366, -y = i - 1710 - 1747. List the prime factors of i.
2, 3, 577
Suppose k - 6 = -4. Let h(t) = 5 + k*t - 3 + 2*t - 2*t. What are the prime factors of h(8)?
2, 3
Let k be (-84)/(-20) + 3/(-15). Suppose k*g + g = 4*w + 418, -160 = -2*g + 4*w. What are the prime factors of g?
2, 43
Suppose -514 - 814 = -2*m. What are the prime factors of m?
2, 83
Suppose 2*n + 2240 = 7*n. What are the prime factors of n?
2, 7
Let q be (24/(-14))/(258/(-84) - -3). What are the prime factors of ((-4)/(-12))/(1/q)?
2
Suppose 4*u - 12 = -0*u + 4*q, 5*q - 21 = -4*u. Suppose u*y = -1 + 13. Suppose -105 = -4*s + 4*a + 19, 5*s = -y*a + 171. List the prime factors of s.
3, 11
Let y = 981 - 393. List the prime factors of y.
2, 3, 7
List the prime factors of (7 - (159 - 10))/((-6)/45).
3, 5, 71
Let z = -95 + 46. List the prime factors of (z/(-28))/(2/16).
2, 7
What are the prime factors of ((-930)/(-6))/((-2)/((-16)/4))?
2, 5, 31
Let t(g) = g**2 - 11*g - 21. Let d be t(13). Suppose 10 - 30 = -d*m. List the prime factors of (m/10)/(5/500).
2, 5
Let r = 284 - 188. List the prime factors of r.
2, 3
Let s(d) = d**2 - 4*d - 12. Let b be s(6). Suppose -r + 167 + b = 0. List the prime factors of r.
167
Let n be 0/(-1) - -10*54/2. Suppose -n = 52*v - 57*v. What are the prime factors of v?
2, 3
Let h be 2/(-4)*(1 + -1). Suppose -3*k + 12 = -h*k. Suppose 61 = -3*q + k*q. List the prime factors of q.
61
List the prime factors of (-1*2/4)/((-572)/179608).
157
Suppose -56 = -5*m + c + 284, -2*m - 5*c = -136. Suppose -3*f + m + 19 = 0. List the prime factors of f.
29
Let a = -221 - -323. Let s = -310 + 272. Let d = s + a. List the prime factors of d.
2
Suppose -5*r + 21 = 4*x + 6, -4*r + 3*x + 12 = 0. Suppose 9*m - 402 = r*m. What are the prime factors of m?
67
Let m(d) = -d**2 + 8*d - 10. Let l be m(8). Let b = l - -13. Suppose -b*u = 2*u - 95. What are the prime factors of u?
19
Let f(i) = 22*i**3 + 5*i**2 + 21. List the prime factors of f(4).
3, 503
Suppose -l - 2*h + 202 = 0, -4*h + 12 + 4 = 0. Let k = l - -40. List the prime factors of k.
2, 3, 13
Suppose -10*m + 49*m = 73320. List the prime factors of m.
2, 5, 47
Suppose 4*p + 0*r - 21 = 3*r, 5*p = -4*r + 3. Let m be 3 + (-3 + 3 - p). Suppose 0 = -m*f + f - 12. What are the prime factors of f?
2, 3
Let u(h) = -4*h**3 + 4*h**2 + 3*h + 1. Let y = 42 - 44. List the prime factors of u(y).
43
Let g = -6 + 1. Let j(r) = -6*r - 4. What are the prime factors of j(g)?
2, 13
Suppose 4*k + 0*x = -3*x + 6436, 8*k = -3*x + 12860. List the prime factors of k.
2, 11, 73
Let r(g) = 16*g + 4. Let m(z) = -95*z - 25. Let k(v) = 6*m(v) + 34*r(v). List the prime factors of k(-3).
2
Suppose 0 = 4*u - 4. Let j(s) = 2*s + u + 9*s - 8*s + 4*s. What are the prime factors of j(6)?
43
S